(-3)?
8
Suppose 0 = -62*r + 33*r + 1044. What is the remainder when 138 is divided by r?
30
Let t = -9 + 1. Let o(a) = -9*a - 28. Let w be o(t). Let k = w + -24. What is the remainder when 37 is divided by k?
17
Let w = -63 + 67. Suppose 0 = -4*f - w + 28. What is the remainder when f is divided by 2?
0
Let t be (-2 - 5/(5/(-2))) + 3. Suppose 4*l - 82 = -t*s, -2*l + l + 24 = -s. Calculate the remainder when 52 is divided by l.
8
Suppose -6*o = -5*o - 229. Calculate the remainder when o is divided by (-7 + 216/6)/(3/3).
26
Let j(c) = -2*c - 41. Let y be j(-19). Let o(p) = p**2 + p. Calculate the remainder when 19 is divided by o(y).
1
Let v(o) = o**3 - 45*o**2 - 46*o + 11. Calculate the remainder when v(46) is divided by (-13)/(-4) + (-1)/4.
2
Suppose g - 17 = 5*b, 0 = g + 6*b - 3*b - 1. Calculate the remainder when 27 is divided by g.
6
Let s(x) be the first derivative of -2*x**3/3 - 13*x**2/2 - 9*x - 4. Let j be s(-6). Calculate the remainder when 5 is divided by 0/j + (5 - 1).
1
Let m(l) = 494*l - 3440. Calculate the remainder when m(7) is divided by 4/(-10) - (-44)/10.
2
Let p be (17 - 10)/(1/(-3)). Let g be p/6*-16 + 2. Suppose n + 4*n = -4*h + 266, -n + g = 2*h. Calculate the remainder when n is divided by 13.
11
Let r(p) = -20*p - 11. Let d be r(-11). Let l = d + -146. Suppose 0 = 5*n + 2*j - 106, 4*n + 2*j = 5 + 79. What is the remainder when l is divided by n?
19
Calculate the remainder when 103 is divided by 14 + (190/(-57))/((-4)/(-6)).
4
Calculate the remainder when 384 is divided by 91 + 3*8/24.
16
Let g(y) = 3*y**2 - 7*y - 7. Suppose 7*m = 2*m + 75. Calculate the remainder when g(-4) is divided by m.
9
Suppose 2*s + 2*c - 270 = -0*s, s = -4*c + 147. What is the remainder when s is divided by 12?
11
Suppose 30 = 8*g - 7*g. Calculate the remainder when 145 is divided by g.
25
Calculate the remainder when (1956/42)/((-10)/(-35)) is divided by 55.
53
Suppose 0 = -4*n + 2*k + 399 - 107, 138 = 2*n + 3*k. What is the remainder when 213 is divided by n?
69
Suppose -28 - 80 = -9*j. Calculate the remainder when (-182)/(-9) + 10/(-45) is divided by j.
8
Suppose 43*i = 40*i + 4*p + 79, -4*i = -2*p - 112. Calculate the remainder when 114 is divided by i.
27
Let s(o) be the third derivative of o**5/60 + o**4/6 + 7*o**3/6 - o**2. Calculate the remainder when 39 is divided by s(-4).
4
Suppose 9 = -v - 2*q, 2*v + 0*q + 14 = -2*q. Let j = 11 + v. Suppose -2*g = -0*g - j. Calculate the remainder when 5 is divided by g.
2
Let a(y) = -105 + 107 - 20*y + 10*y**2 + 22*y. Let g be 0 - (-2)/(-4)*2. Calculate the remainder when 28 is divided by a(g).
8
Suppose 0 = 3*y + 4*b - 394, 5*y - 567 = y + 3*b. Suppose y + 24 = 3*g. Let d(t) = -20*t**3 + 5*t + 4. What is the remainder when g is divided by d(-1)?
16
Let u be (-19 - (-20)/(-5))*1. Let m = u + 42. What is the remainder when 37 is divided by m?
18
Let r be 1 + -2 - -2*1. Let z = -1855 - -1909. What is the remainder when z is divided by 19 - (1 + r/(-1))?
16
Let c = -34 + 15. Let u(w) be the second derivative of w**4/12 + 7*w**3/3 - 11*w**2/2 + w + 1. Calculate the remainder when u(c) is divided by 29.
26
Let r(m) be the second derivative of 7*m**4/12 - m**3/2 + 2*m**2 - m. Let g(n) = -12*n**2 + 54*n - 4. Calculate the remainder when r(3) is divided by g(4).
18
Let p = -485 + 496. Calculate the remainder when 184 is divided by p.
8
Suppose 406 = -4*g + 3*n + 65, 0 = -3*g + 5*n - 242. Let p = g + 113. Calculate the remainder when p is divided by 13.
11
Let w = 130 + -15. Let a = 282 - w. Calculate the remainder when a is divided by 34.
31
Suppose -263 = o - 5*o - 5*c, 0 = 5*o + 5*c - 330. What is the remainder when o is divided by ((-3)/6)/((-2)/68)?
16
Suppose 2*t + 2*t = 0. Let r(v) = v**2 + 3*v - 12. Let h(b) = -b. Let y(n) = -4*h(n) - r(n). What is the remainder when 21 is divided by y(t)?
9
Let t(z) = 30*z**2 - 37*z - 16. Calculate the remainder when t(3) is divided by 26.
13
Let l be (13*-1)/(2/6). Let t = -25 - l. Let y = t + 29. What is the remainder when y is divided by 23?
20
Suppose -n + 38 = 2*s, 0 + 77 = 5*s - 2*n. Let u(r) = -r**2 - 3*r - 1. Let w be u(-3). What is the remainder when 3*(w - (-136)/6) is divided by s?
14
Suppose -7*o + 0*o = -5*o. Suppose 0*a + 7*a - 371 = o. What is the remainder when a is divided by 14?
11
Let l(d) = -d**3 + 10*d**2 + 6*d - 17. What is the remainder when l(9) is divided by 12?
10
Let l(s) = -5*s**3 - 4*s**2 - 2*s + 2. Let m(j) = j - 5. Let x be m(6). Let p = x - 3. What is the remainder when l(p) is divided by 11?
8
Calculate the remainder when 430 is divided by (3/(-3))/((-4)/(-144)*-1).
34
Suppose 31 = 5*l + 11. Suppose 3*m - 58 = 5*x - 0*x, -l*x - 5*m - 39 = 0. What is the remainder when 118 is divided by 24/(-7)*(4 + x)?
22
Let l = -134 + 139. Suppose -24 = -3*b + 2*j + 19, -3*b + 63 = 3*j. Calculate the remainder when b is divided by l.
2
Suppose 2*d = -4*d + d. Suppose d = 2*o - 9*o + 259. Calculate the remainder when o is divided by 19.
18
Suppose 9 - 4 = 5*c, 0 = -2*y - 4*c + 16. Calculate the remainder when 49 is divided by y.
1
Suppose 111*a - 95*a - 64 = 0. Let d = -8 - 2. What is the remainder when (a/d)/((-3)/255) is divided by 12?
10
Let a be -2*((-55)/10 + 4). Suppose 3*k = 2*k + a. Suppose -k*z = 4*z - 49. What is the remainder when 8 is divided by z?
1
Let a(z) = -44*z - 43. Calculate the remainder when a(-11) is divided by 17.
16
Suppose 1736 = 11*z + 141. Let i = z - 72. Calculate the remainder when i is divided by 25.
23
Let x = 63 + -45. What is the remainder when x is divided by (-9 - (-34)/4)/((-3)/30)?
3
Let z(j) = -8*j - 32. Let k be z(-11). Suppose 5*a - 129 - k = 0. Suppose -2*b + 440 = 4*u, 3*u - 2*b + 113 = 4*u. What is the remainder when u is divided by a?
35
Let u(q) = 3*q + 6. Calculate the remainder when (-4 - (-119)/21)*33 is divided by u(3).
10
Suppose 5*g - 4*z - 971 = 0, -14*g - 2*z + 587 = -11*g. What is the remainder when g is divided by 25?
20
Let d(l) = 6*l + 11. Let y be d(-6). Let i = y + 60. What is the remainder when i is divided by 9?
8
Let c(i) = -i - 8. Let s be c(-16). Calculate the remainder when 71 is divided by 35 + (1/4)/(2/s).
35
Suppose 3 = -3*o, 2*h - 656 = -2*h - 4*o. Calculate the remainder when h is divided by 19.
13
Let y be 44 - 0*2/8. Suppose 3*o - 4*r - y = -0*o, 3*o - 45 = 3*r. Calculate the remainder when 45 is divided by o.
13
Suppose -3*b = 1892*p - 1888*p - 219, 5*b - 3*p = 336. Let i(r) = 38*r**2 - 2*r + 1. What is the remainder when b is divided by i(1)?
32
Suppose 0 = 4*s + 5*z - 120 - 81, 0 = -4*z + 20. What is the remainder when 218 is divided by s?
42
Suppose 3*f + 4*g = f + 172, -3*f + 4*g = -298. Suppose 4*a - 71 = -3*c + 13, 2*a = -6. Calculate the remainder when f is divided by c.
30
Suppose 0 = -3*i + 7*i - 12. Suppose -f + 15 = -6*f. What is the remainder when (-30)/(-4) - f/6 is divided by i?
2
Suppose -1753*a = -1749*a - 128. Calculate the remainder when 446 is divided by a.
30
Suppose 3*f - 23 = -h + 6*f, -4*h - 3*f + 62 = 0. What is the remainder when 29 is divided by h?
12
Let a be (-3 + 9)*(-9)/(-6). Suppose a*r = 13*r - 16. What is the remainder when 27 is divided by r?
3
Let v = -13 - -8. Let w be ((-3)/(-5))/(-1)*v. Suppose -153 = -w*j - 4*i, -2*i - 107 = 5*j - 362. What is the remainder when j is divided by 18?
15
Let l = 1031 - 940. What is the remainder when l is divided by 23?
22
Suppose 2*b = 2*w - 44, -2*w + 50 = 3*b - 8*b. What is the remainder when (-254)/(-10) + (-12)/30 is divided by (w/6 + -4)*-21?
11
Let v(n) = 12*n + 5*n**3 - 12*n**2 - 2*n**3 - 5 + 16 - 4*n**3. Suppose u + 6*a - 4*a = 3, 0 = -2*a - 10. What is the remainder when v(-13) is divided by u?
11
Let b(w) = -4*w**3 + 2*w**2 - 1. Suppose -2*i + 5*l - 27 = 0, 0 = i + 4*i + 2*l - 5. What is the remainder when (-93)/(-7) + (-3 - 38/(-14)) is divided by b(i)?
3
Let u = -110 - -151. What is the remainder when 98 is divided by u?
16
Suppose t + 9 = -2*t, 0 = 4*n + t - 13. What is the remainder when 144 is divided by n?
0
Let v = 194 - 102. Let n = -12 + v. Calculate the remainder when n is divided by 21.
17
Let y(j) = 2*j**2 + 11*j + 20. Let w = 83 + -89. What is the remainder when 259 is divided by y(w)?
25
Let l(q) = -34*q + 17. What is the remainder when l(-2) is divided by 24?
13
Suppose 0 = -3*r